{"id":2550,"date":"2023-12-01T13:26:52","date_gmt":"2023-12-01T12:26:52","guid":{"rendered":"https:\/\/anelsrb.com\/prodavnica\/?post_type=product&#038;p=2550"},"modified":"2025-11-10T13:58:51","modified_gmt":"2025-11-10T12:58:51","slug":"punjac-akumulatora-sa-mikroporocesorom-ce-bc2m","status":"publish","type":"product","link":"https:\/\/anelsrb.com\/prodavnica\/product\/punjac-akumulatora-sa-mikroporocesorom-ce-bc2m\/","title":{"rendered":"EINHELL Punja\u010d akumulatora sa mikroporocesorom CE-BC2M"},"content":{"rendered":"<p><span class=\"heading gamma\">Opis artikla<\/span><\/p>\n<p>Einhell CE-BC 2 M punja\u010d za baterije je pametni punja\u010d sa mikroprocesorskim kontrolerom za \u0161irok izbor tipova baterija. Optimizovan za visokotehnolo\u0161ke baterije visokih performansi modernih vozila, ovaj punja\u010d za baterije poseduje \u0161irok spektar mehanizama tehni\u010dke za\u0161tite i odr\u017eavanja. Poseban fokus razvoja bio je na punjenju uz visoku brzinu i mali pritisak kako bi vek baterije bio \u0161to du\u017ei bez umanjenja performansi. Detaljan indikator punjenja \u010dini punja\u010d manje komplikovanim za rukovanje od uobi\u010dajenih ure\u0111aja. Ovaj univerzalni punja\u010d kompanije Einhell je pogodan za gel, AGM i olovne kisele baterije bez ili sa niskim stepenom odr\u017eavanja. CE-BC 2 M se automatski prilago\u0111ava volta\u017ei baterije od 12 V, a mikroprocesorski kontroler automatski nadgleda i prilago\u0111ava vi\u0161estepeni ciklus punjenja Einhell punja\u010da za baterije. Pametni elektronski sistem za kontrolu analizira povezanu bateriju i pokre\u0107e odgovaraju\u0107e korake shodno njenom statusu. Funkcija sporog punjenja \u0161titi bateriju i smanjuje pritisak na nju kako bi se u svakom trenutku odr\u017eavao optimalan nivo punjenja. Ovo tako\u0111e \u010dini CE-BC 2 M punja\u010d posebno idealnim za sezonska vozila sa dugim periodima nekori\u0161\u0107enja: Umesto da dozvolite da se baterija polako isprazni dok ne bude sasvim prazna i da time rizikujete duboko pra\u017enjenje, baterija se odr\u017eava na optimalnom nivou sa niskim stresom pomo\u0107u funkcije sporog punjenja. Ovo produ\u017eava \u017eivotni vek baterije i spre\u010dava potrebu za skupom zamenom neispravne baterije vozila. Tako su automobili, motocikli ili skuteri odmah spremni za pokret na po\u010detku svake sezone. Zimski re\u017eim punjenja je posebno razvijen za upotrebu kada spoljna temperatura padne ispod 5\u00b0 Celzijusa. Automatska za\u0161tita od prekomernog punjenja, kratkog spoja i zamenjenih polova \u0161titi i punja\u010d i bateriju. Einhell punja\u010d za baterije je uskla\u0111en sa IP za\u0161titom tipa 65, pa je otporan na pra\u0161inu i za\u0161ti\u0107en od mlazova vode. LED indikator napona i stanja napunjenosti baterije prikazuje pode\u0161avanja punjenja baterije i re\u017eima punja\u010da vidljive na prvi pogled. Razli\u010dita pode\u0161avanja punjenja na punja\u010du su 25%, 50%, 75% i 100%, punjenje vozila od 12 V i &#8222;zimski re\u017eim&#8220;. Upozoravaju\u0107a lampica odmah obave\u0161tava korisnika ukoliko postoje neki problemi. \u0160tipaljke za bateriju su potpuno izolovane, pa se punja\u010d za baterije kompanije Einhell mo\u017ee lako i bezbedno povezati . Ku\u0107i\u0161te ima u\u0161icu za ka\u010denje kako bi se bateija postavila na zid.<\/p>\n<p>&nbsp;<\/p>\n<div id=\"technical-details\" class=\"section-row -padded-wide--mod-top-only -in-viewport\" data-anchornav=\"Tehni\u010dke specifikacije\">\n<div class=\"col-wrapper -max-width-limited -decrease-width\">\n<div class=\"col\">\n<div class=\"content-item module-headline-paragraph headline paragraph -color-headline-black\">\n<h2 class=\"heading delta\">Tehni\u010dke specifikacije<\/h2>\n<\/div>\n<div class=\"content-item module-table -styling-beta\">\n<table class=\"table__table\">\n<tbody>\n<tr class=\"-show tr-odd\">\n<td><span class=\"bold\">Napajanje<\/span><\/td>\n<td>220-240 V | 50 Hz<\/td>\n<\/tr>\n<tr class=\"-show tr-even\">\n<td><span class=\"bold\">Jump start<\/span><\/td>\n<td>yes<\/td>\n<\/tr>\n<tr class=\"-show tr-odd\">\n<td><span class=\"bold\">Napon punjenja<\/span><\/td>\n<td>12V<\/td>\n<\/tr>\n<tr class=\"-show tr-even\">\n<td><span class=\"bold\">Struja punjenja Min. (arith.\/eff.) &#8211; Max. (arith.\/eff.) on 12 V d.c.<\/span><\/td>\n<td>1 \/ [-] &#8211; 2 \/ [-] A<\/td>\n<\/tr>\n<\/tbody>\n<\/table>\n<\/div>\n<\/div>\n<\/div>\n<\/div>\n<div id=\"video\" class=\"section-row -padded-wide--mod-top-only\" data-anchornav=\"Video\">\n<div class=\"col-wrapper l-1col -max-width-limited\">\n<div class=\"col\">\n<div class=\"content-item module-video -full-size\">\n<div class=\"cards__card\" data-video-id=\"video-0\">\n<div class=\"card__video\"><\/div>\n<\/div>\n<\/div>\n<\/div>\n<\/div>\n<\/div>\n","protected":false},"excerpt":{"rendered":"<ul>\n<li class=\" meta\">Pametni punja\u010d za baterije sa mikroprocesorskim kontrolorem<\/li>\n<li class=\" meta\">Vi\u0161estepeni ciklus punjenja kojim upravlja\/koji nadgleda mikroprocesorski kontroler<\/li>\n<li class=\" meta\">Univerzalni punja\u010d za baterije za razli\u010dite tipove baterija<\/li>\n<li class=\" meta\">For Gel, AGM, zero and low maintenance lead-acid batteries<\/li>\n<li class=\" meta\">Klasa za\u0161tite IP65: Otporan na pra\u0161inu i za\u0161ti\u0107en od mlazova vode<\/li>\n<li class=\"meta\">Punjenje omogu\u0107uje produ\u017eetak veka baterije<\/li>\n<li class=\"meta\">Za vozila koja imaju dug period nekori\u0161\u0107enja (kabrioleti\/motocikli)<\/li>\n<li class=\"meta\">Re\u017eim zimskog punjenja za spoljne temperature ispod 5\u00b0C<\/li>\n<li class=\"meta\">LED ekran za volta\u017eu baterije i tok punjenja<\/li>\n<li class=\"meta\">Elektronska za\u0161tita od prekomernog punjenja, kratkog spoja, zamenjenih polova<\/li>\n<li class=\"meta\">Potpuno izolovane \u0161tipaljke za bateriju<\/li>\n<li class=\"meta\">U\u0161ica za ka\u010denje kako bi se baterija postavila na zid<\/li>\n<\/ul>\n","protected":false},"featured_media":2551,"comment_status":"open","ping_status":"closed","template":"","meta":{"site-sidebar-layout":"default","site-content-layout":"","ast-site-content-layout":"default","site-content-style":"default","site-sidebar-style":"default","ast-global-header-display":"","ast-banner-title-visibility":"","ast-main-header-display":"","ast-hfb-above-header-display":"","ast-hfb-below-header-display":"","ast-hfb-mobile-header-display":"","site-post-title":"","ast-breadcrumbs-content":"","ast-featured-img":"","footer-sml-layout":"","ast-disable-related-posts":"","theme-transparent-header-meta":"default","adv-header-id-meta":"","stick-header-meta":"default","header-above-stick-meta":"","header-main-stick-meta":"","header-below-stick-meta":"","astra-migrate-meta-layouts":"set","ast-page-background-enabled":"default","ast-page-background-meta":{"desktop":{"background-color":"var(--ast-global-color-4)","background-image":"","background-repeat":"repeat","background-position":"center center","background-size":"auto","background-attachment":"scroll","background-type":"","background-media":"","overlay-type":"","overlay-color":"","overlay-opacity":"","overlay-gradient":""},"tablet":{"background-color":"","background-image":"","background-repeat":"repeat","background-position":"center center","background-size":"auto","background-attachment":"scroll","background-type":"","background-media":"","overlay-type":"","overlay-color":"","overlay-opacity":"","overlay-gradient":""},"mobile":{"background-color":"","background-image":"","background-repeat":"repeat","background-position":"center center","background-size":"auto","background-attachment":"scroll","background-type":"","background-media":"","overlay-type":"","overlay-color":"","overlay-opacity":"","overlay-gradient":""}},"ast-content-background-meta":{"desktop":{"background-color":"var(--ast-global-color-5)","background-image":"","background-repeat":"repeat","background-position":"center center","background-size":"auto","background-attachment":"scroll","background-type":"","background-media":"","overlay-type":"","overlay-color":"","overlay-opacity":"","overlay-gradient":""},"tablet":{"background-color":"var(--ast-global-color-5)","background-image":"","background-repeat":"repeat","background-position":"center center","background-size":"auto","background-attachment":"scroll","background-type":"","background-media":"","overlay-type":"","overlay-color":"","overlay-opacity":"","overlay-gradient":""},"mobile":{"background-color":"var(--ast-global-color-5)","background-image":"","background-repeat":"repeat","background-position":"center center","background-size":"auto","background-attachment":"scroll","background-type":"","background-media":"","overlay-type":"","overlay-color":"","overlay-opacity":"","overlay-gradient":""}}},"product_brand":[],"product_cat":[129],"product_tag":[],"class_list":{"0":"post-2550","1":"product","2":"type-product","3":"status-publish","4":"has-post-thumbnail","6":"product_cat-masine-i-oprema-opste-namene","7":"product_shipping_class-bp","8":"desktop-align-center","9":"tablet-align-left","10":"mobile-align-left","12":"first","13":"instock","14":"shipping-taxable","15":"purchasable","16":"product-type-simple","17":"add-to-wishlist-after_add_to_cart"},"_links":{"self":[{"href":"https:\/\/anelsrb.com\/prodavnica\/wp-json\/wp\/v2\/product\/2550","targetHints":{"allow":["GET"]}}],"collection":[{"href":"https:\/\/anelsrb.com\/prodavnica\/wp-json\/wp\/v2\/product"}],"about":[{"href":"https:\/\/anelsrb.com\/prodavnica\/wp-json\/wp\/v2\/types\/product"}],"replies":[{"embeddable":true,"href":"https:\/\/anelsrb.com\/prodavnica\/wp-json\/wp\/v2\/comments?post=2550"}],"wp:featuredmedia":[{"embeddable":true,"href":"https:\/\/anelsrb.com\/prodavnica\/wp-json\/wp\/v2\/media\/2551"}],"wp:attachment":[{"href":"https:\/\/anelsrb.com\/prodavnica\/wp-json\/wp\/v2\/media?parent=2550"}],"wp:term":[{"taxonomy":"product_brand","embeddable":true,"href":"https:\/\/anelsrb.com\/prodavnica\/wp-json\/wp\/v2\/product_brand?post=2550"},{"taxonomy":"product_cat","embeddable":true,"href":"https:\/\/anelsrb.com\/prodavnica\/wp-json\/wp\/v2\/product_cat?post=2550"},{"taxonomy":"product_tag","embeddable":true,"href":"https:\/\/anelsrb.com\/prodavnica\/wp-json\/wp\/v2\/product_tag?post=2550"}],"curies":[{"name":"wp","href":"https:\/\/api.w.org\/{rel}","templated":true}]}}