{"id":2618,"date":"2024-02-22T15:08:11","date_gmt":"2024-02-22T14:08:11","guid":{"rendered":"https:\/\/anelsrb.com\/prodavnica\/?post_type=product&#038;p=2618"},"modified":"2024-08-06T11:47:51","modified_gmt":"2024-08-06T09:47:51","slug":"celulozna-upijajuca-traka","status":"publish","type":"product","link":"https:\/\/anelsrb.com\/prodavnica\/product\/celulozna-upijajuca-traka\/","title":{"rendered":"Celulozna upijaju\u0107a traka"},"content":{"rendered":"<p>Celulozna upijaju\u0107a traka je materijal koji se \u010desto koristi za apsorpciju te\u010dnosti i zadr\u017eavanje vlage.<br \/>\nCelulozna upijaju\u0107a traka je tanka i lagana traka napravljena od \u010distog celuloznog materijala. Njena struktura je sli\u010dna papiru, ali s dodatnim svojstvima apsorpcije. Traka prilagodljiva i fleksibilna, \u0161to omogu\u0107ava lako oblikovanje prema potrebama.<\/p>\n<p>Na dodir, celulozna traka mo\u017ee djelovati glatko i mekano, s diskretnom teksturom koja olak\u0161ava upijanje te\u010dnosti. Njena porozna struktura omogu\u0107ava brzo upijanje vode, ulja i drugih te\u010dnosti, \u010dine\u0107i je izuzetno u\u010dinkovitom u kontrolisanju curenja i odr\u017eavanju suvo\u0107e.<\/p>\n<p>\u0160irina: 35mm<\/p>\n<p>Du\u017eina: 350mm<\/p>\n<p>Debljina: 1,6mm<\/p>\n","protected":false},"excerpt":{"rendered":"<p>Celulozna upijaju\u0107a traka je materijal koji se \u010desto koristi za apsorpciju te\u010dnosti i zadr\u017eavanje vlage.<br \/>\nCelulozna upijaju\u0107a traka je tanka i lagana traka napravljena od \u010distog celuloznog materijala. Njena struktura je sli\u010dna papiru, ali s dodatnim svojstvima apsorpcije. Traka prilagodljiva i fleksibilna, \u0161to omogu\u0107ava lako oblikovanje prema potrebama.<\/p>\n<p>Na dodir, celulozna traka mo\u017ee djelovati glatko i mekano, s diskretnom teksturom koja olak\u0161ava upijanje te\u010dnosti. Njena porozna struktura omogu\u0107ava brzo upijanje vode, ulja i drugih te\u010dnosti, \u010dine\u0107i je izuzetno u\u010dinkovitom u kontrolisanju curenja i odr\u017eavanju suvo\u0107e.<\/p>\n<p>Cena je za pakovanje od 15 komada.<\/p>\n","protected":false},"featured_media":2619,"comment_status":"open","ping_status":"closed","template":"","meta":{"site-sidebar-layout":"default","site-content-layout":"","ast-site-content-layout":"default","site-content-style":"default","site-sidebar-style":"default","ast-global-header-display":"","ast-banner-title-visibility":"","ast-main-header-display":"","ast-hfb-above-header-display":"","ast-hfb-below-header-display":"","ast-hfb-mobile-header-display":"","site-post-title":"","ast-breadcrumbs-content":"","ast-featured-img":"","footer-sml-layout":"","ast-disable-related-posts":"","theme-transparent-header-meta":"default","adv-header-id-meta":"","stick-header-meta":"default","header-above-stick-meta":"","header-main-stick-meta":"","header-below-stick-meta":"","astra-migrate-meta-layouts":"set","ast-page-background-enabled":"default","ast-page-background-meta":{"desktop":{"background-color":"var(--ast-global-color-4)","background-image":"","background-repeat":"repeat","background-position":"center center","background-size":"auto","background-attachment":"scroll","background-type":"","background-media":"","overlay-type":"","overlay-color":"","overlay-opacity":"","overlay-gradient":""},"tablet":{"background-color":"","background-image":"","background-repeat":"repeat","background-position":"center center","background-size":"auto","background-attachment":"scroll","background-type":"","background-media":"","overlay-type":"","overlay-color":"","overlay-opacity":"","overlay-gradient":""},"mobile":{"background-color":"","background-image":"","background-repeat":"repeat","background-position":"center center","background-size":"auto","background-attachment":"scroll","background-type":"","background-media":"","overlay-type":"","overlay-color":"","overlay-opacity":"","overlay-gradient":""}},"ast-content-background-meta":{"desktop":{"background-color":"var(--ast-global-color-5)","background-image":"","background-repeat":"repeat","background-position":"center center","background-size":"auto","background-attachment":"scroll","background-type":"","background-media":"","overlay-type":"","overlay-color":"","overlay-opacity":"","overlay-gradient":""},"tablet":{"background-color":"var(--ast-global-color-5)","background-image":"","background-repeat":"repeat","background-position":"center center","background-size":"auto","background-attachment":"scroll","background-type":"","background-media":"","overlay-type":"","overlay-color":"","overlay-opacity":"","overlay-gradient":""},"mobile":{"background-color":"var(--ast-global-color-5)","background-image":"","background-repeat":"repeat","background-position":"center center","background-size":"auto","background-attachment":"scroll","background-type":"","background-media":"","overlay-type":"","overlay-color":"","overlay-opacity":"","overlay-gradient":""}}},"product_brand":[],"product_cat":[77],"product_tag":[],"class_list":{"0":"post-2618","1":"product","2":"type-product","3":"status-publish","4":"has-post-thumbnail","6":"product_cat-odrzavanje-kosnice","7":"desktop-align-center","8":"tablet-align-left","9":"mobile-align-left","11":"first","12":"instock","13":"shipping-taxable","14":"purchasable","15":"product-type-simple","16":"add-to-wishlist-after_add_to_cart"},"_links":{"self":[{"href":"https:\/\/anelsrb.com\/prodavnica\/wp-json\/wp\/v2\/product\/2618","targetHints":{"allow":["GET"]}}],"collection":[{"href":"https:\/\/anelsrb.com\/prodavnica\/wp-json\/wp\/v2\/product"}],"about":[{"href":"https:\/\/anelsrb.com\/prodavnica\/wp-json\/wp\/v2\/types\/product"}],"replies":[{"embeddable":true,"href":"https:\/\/anelsrb.com\/prodavnica\/wp-json\/wp\/v2\/comments?post=2618"}],"wp:featuredmedia":[{"embeddable":true,"href":"https:\/\/anelsrb.com\/prodavnica\/wp-json\/wp\/v2\/media\/2619"}],"wp:attachment":[{"href":"https:\/\/anelsrb.com\/prodavnica\/wp-json\/wp\/v2\/media?parent=2618"}],"wp:term":[{"taxonomy":"product_brand","embeddable":true,"href":"https:\/\/anelsrb.com\/prodavnica\/wp-json\/wp\/v2\/product_brand?post=2618"},{"taxonomy":"product_cat","embeddable":true,"href":"https:\/\/anelsrb.com\/prodavnica\/wp-json\/wp\/v2\/product_cat?post=2618"},{"taxonomy":"product_tag","embeddable":true,"href":"https:\/\/anelsrb.com\/prodavnica\/wp-json\/wp\/v2\/product_tag?post=2618"}],"curies":[{"name":"wp","href":"https:\/\/api.w.org\/{rel}","templated":true}]}}