{"id":2771,"date":"2024-04-10T11:13:09","date_gmt":"2024-04-10T09:13:09","guid":{"rendered":"https:\/\/anelsrb.com\/prodavnica\/?post_type=product&#038;p=2771"},"modified":"2024-04-10T11:13:09","modified_gmt":"2024-04-10T09:13:09","slug":"noz-sa-drvenim-rukohvatom-ovi-cr-inox","status":"publish","type":"product","link":"https:\/\/anelsrb.com\/prodavnica\/product\/noz-sa-drvenim-rukohvatom-ovi-cr-inox\/","title":{"rendered":"No\u017e sa drvenim rukohvatom, OVI, Cr (inox)"},"content":{"rendered":"<p>P\u010delarski no\u017e sa drvenim rukohvatom predstavlja esencijalni alat za svakog p\u010delara, pru\u017eaju\u0107i izuzetnu funkcionalnost i pouzdanost u razli\u010ditim p\u010delarskim zadacima. Izra\u0111en je od visokokvalitetnog prohroma (inox), \u0161to ga \u010dini otpornim na koroziju i izuzetno izdr\u017eljivim. Dodatno, drveni sloj na sredini no\u017ea osigurava lak\u0161e i prijatnije dr\u017eanje i rukovanje tokom upotrebe.<\/p>\n<p>Ovaj p\u010delarski no\u017e sadr\u017ei dva osnovna alata neophodna svakom p\u010delaru. Jedan kraj je ravan, savijen pod pravim uglom i o\u0161tar, \u0161to omogu\u0107ava brzo i lako uklanjanje propolisa i voska sa nastavka i ramova. Drugi kraj je zakrivljen i nazubljen radi lak\u0161eg odvajanja nastavka jednog od drugog i va\u0111enja ramova.<\/p>\n<p>No\u017e je ergonomski dizajniran, sa du\u017einom od 255mm i \u0161irinom od 35mm na delu gde je savijen, odnosno 70mm na delu gde je kuka. Debljina od 3.0mm pru\u017ea izuzetnu \u010dvrsto\u0107u i trajnost. Ukupna masa p\u010delarskog no\u017ea iznosi 185g, \u0161to ga \u010dini pogodnim za kori\u0161\u0107enje bez ose\u0107aja umora tokom du\u017eih perioda rada.<\/p>\n<p>Pored osnovnih funkcija, ovaj p\u010delarski no\u017e poseduje i dodatni otvor u vidu rupe na povr\u0161ini, koji prvenstveno slu\u017ei za va\u0111enje eksera, ali mo\u017ee poslu\u017eiti i za lak\u0161e odlaganje no\u017ea na nosa\u010d. Svojim profesionalnim kvalitetom, ergonomijom i dugotrajno\u0161\u0107u, ovaj p\u010delarski no\u017e predstavlja nezamenjiv deo opreme za svakog p\u010delara.<\/p>\n","protected":false},"excerpt":{"rendered":"<p>P\u010delarski no\u017e sa drvenim rukohvatom predstavlja esencijalni alat za svakog p\u010delara, pru\u017eaju\u0107i izuzetnu funkcionalnost i pouzdanost u razli\u010ditim p\u010delarskim zadacima. Izra\u0111en je od visokokvalitetnog prohroma (inox), \u0161to ga \u010dini otpornim na koroziju i izuzetno izdr\u017eljivim. Dodatno, drveni sloj na sredini no\u017ea osigurava lak\u0161e i prijatnije dr\u017eanje i rukovanje tokom upotrebe.<\/p>\n","protected":false},"featured_media":2773,"comment_status":"open","ping_status":"closed","template":"","meta":{"site-sidebar-layout":"default","site-content-layout":"","ast-site-content-layout":"default","site-content-style":"default","site-sidebar-style":"default","ast-global-header-display":"","ast-banner-title-visibility":"","ast-main-header-display":"","ast-hfb-above-header-display":"","ast-hfb-below-header-display":"","ast-hfb-mobile-header-display":"","site-post-title":"","ast-breadcrumbs-content":"","ast-featured-img":"","footer-sml-layout":"","ast-disable-related-posts":"","theme-transparent-header-meta":"default","adv-header-id-meta":"","stick-header-meta":"default","header-above-stick-meta":"","header-main-stick-meta":"","header-below-stick-meta":"","astra-migrate-meta-layouts":"set","ast-page-background-enabled":"default","ast-page-background-meta":{"desktop":{"background-color":"var(--ast-global-color-4)","background-image":"","background-repeat":"repeat","background-position":"center center","background-size":"auto","background-attachment":"scroll","background-type":"","background-media":"","overlay-type":"","overlay-color":"","overlay-opacity":"","overlay-gradient":""},"tablet":{"background-color":"","background-image":"","background-repeat":"repeat","background-position":"center center","background-size":"auto","background-attachment":"scroll","background-type":"","background-media":"","overlay-type":"","overlay-color":"","overlay-opacity":"","overlay-gradient":""},"mobile":{"background-color":"","background-image":"","background-repeat":"repeat","background-position":"center center","background-size":"auto","background-attachment":"scroll","background-type":"","background-media":"","overlay-type":"","overlay-color":"","overlay-opacity":"","overlay-gradient":""}},"ast-content-background-meta":{"desktop":{"background-color":"var(--ast-global-color-5)","background-image":"","background-repeat":"repeat","background-position":"center center","background-size":"auto","background-attachment":"scroll","background-type":"","background-media":"","overlay-type":"","overlay-color":"","overlay-opacity":"","overlay-gradient":""},"tablet":{"background-color":"var(--ast-global-color-5)","background-image":"","background-repeat":"repeat","background-position":"center center","background-size":"auto","background-attachment":"scroll","background-type":"","background-media":"","overlay-type":"","overlay-color":"","overlay-opacity":"","overlay-gradient":""},"mobile":{"background-color":"var(--ast-global-color-5)","background-image":"","background-repeat":"repeat","background-position":"center center","background-size":"auto","background-attachment":"scroll","background-type":"","background-media":"","overlay-type":"","overlay-color":"","overlay-opacity":"","overlay-gradient":""}}},"product_brand":[],"product_cat":[125,26],"product_tag":[],"class_list":{"0":"post-2771","1":"product","2":"type-product","3":"status-publish","4":"has-post-thumbnail","6":"product_cat-pcelarski-alat","7":"product_cat-za-pcelara","8":"desktop-align-center","9":"tablet-align-left","10":"mobile-align-left","12":"first","13":"instock","14":"shipping-taxable","15":"purchasable","16":"product-type-simple","17":"add-to-wishlist-after_add_to_cart"},"_links":{"self":[{"href":"https:\/\/anelsrb.com\/prodavnica\/wp-json\/wp\/v2\/product\/2771","targetHints":{"allow":["GET"]}}],"collection":[{"href":"https:\/\/anelsrb.com\/prodavnica\/wp-json\/wp\/v2\/product"}],"about":[{"href":"https:\/\/anelsrb.com\/prodavnica\/wp-json\/wp\/v2\/types\/product"}],"replies":[{"embeddable":true,"href":"https:\/\/anelsrb.com\/prodavnica\/wp-json\/wp\/v2\/comments?post=2771"}],"wp:featuredmedia":[{"embeddable":true,"href":"https:\/\/anelsrb.com\/prodavnica\/wp-json\/wp\/v2\/media\/2773"}],"wp:attachment":[{"href":"https:\/\/anelsrb.com\/prodavnica\/wp-json\/wp\/v2\/media?parent=2771"}],"wp:term":[{"taxonomy":"product_brand","embeddable":true,"href":"https:\/\/anelsrb.com\/prodavnica\/wp-json\/wp\/v2\/product_brand?post=2771"},{"taxonomy":"product_cat","embeddable":true,"href":"https:\/\/anelsrb.com\/prodavnica\/wp-json\/wp\/v2\/product_cat?post=2771"},{"taxonomy":"product_tag","embeddable":true,"href":"https:\/\/anelsrb.com\/prodavnica\/wp-json\/wp\/v2\/product_tag?post=2771"}],"curies":[{"name":"wp","href":"https:\/\/api.w.org\/{rel}","templated":true}]}}