{"id":2785,"date":"2024-04-10T12:33:52","date_gmt":"2024-04-10T10:33:52","guid":{"rendered":"https:\/\/anelsrb.com\/prodavnica\/?post_type=product&#038;p=2785"},"modified":"2025-05-30T09:48:37","modified_gmt":"2025-05-30T07:48:37","slug":"pcelarska-cetka-prirodna-dlaka-tri-reda-bee","status":"publish","type":"product","link":"https:\/\/anelsrb.com\/prodavnica\/product\/pcelarska-cetka-prirodna-dlaka-tri-reda-bee\/","title":{"rendered":"P\u010delarska \u010detka, prirodna dlaka, tri reda, BEE"},"content":{"rendered":"<p>P\u010delarska \u010detka je nezamenjiv alat u p\u010delarstvu, namenjen pa\u017eljivom skidanju p\u010dela sa ramova i drugih delova ko\u0161nice, bez nano\u0161enja povreda p\u010delama ili o\u0161te\u0107enja \u0107elija na sa\u0107u. Izra\u0111ena je od prirodne dlake na na\u010din koji garantuje ne\u017ean dodir prilikom rada, istovremeno osiguravaju\u0107i efikasno uklanjanje p\u010dela.<\/p>\n<p>Ova troredna \u010detka poseduje dlake postavljene u tri reda naizmeni\u010dno, \u0161to pove\u0107ava efikasnost i olak\u0161ava uklanjanje p\u010dela sa ve\u0107ih povr\u0161ina. Visina dlake iznosi 80mm, pru\u017eaju\u0107i dovoljnu meko\u0107u za ne\u017eno preme\u0161tanje p\u010dela, dok ukupna du\u017eina dela sa dlakom iznosi 210mm, omogu\u0107avaju\u0107i pokrivanje \u0161ireg prostora sa lako\u0107om.<\/p>\n<p>Ova \u010detka je posebno dizajnirana kako bi osigurala siguran i ne\u017ean rad sa p\u010delama i sa\u0107em, minimiziraju\u0107i stres za p\u010dele i o\u010duvavaju\u0107i integritet sa\u0107a. Sa svojom kvalitetnom izradom od prirodne dlake i pa\u017eljivim dizajnom, ova \u010detka postaje neophodan deo opreme svakog p\u010delara. Sa svojom te\u017einom od 90g, ona je lagana i jednostavna za rukovanje, omogu\u0107avaju\u0107i precizno i kontrolisano upravljanje tokom rada sa p\u010delama.<\/p>\n","protected":false},"excerpt":{"rendered":"<p>P\u010delarska \u010detka je nezamenjiv alat u p\u010delarstvu, namenjen pa\u017eljivom skidanju p\u010dela sa ramova i drugih delova ko\u0161nice, bez nano\u0161enja povreda p\u010delama ili o\u0161te\u0107enja \u0107elija na sa\u0107u. Izra\u0111ena je od prirodne dlake na na\u010din koji garantuje ne\u017ean dodir prilikom rada, istovremeno osiguravaju\u0107i efikasno uklanjanje p\u010dela.<\/p>\n","protected":false},"featured_media":2787,"comment_status":"open","ping_status":"closed","template":"","meta":{"site-sidebar-layout":"default","site-content-layout":"","ast-site-content-layout":"default","site-content-style":"default","site-sidebar-style":"default","ast-global-header-display":"","ast-banner-title-visibility":"","ast-main-header-display":"","ast-hfb-above-header-display":"","ast-hfb-below-header-display":"","ast-hfb-mobile-header-display":"","site-post-title":"","ast-breadcrumbs-content":"","ast-featured-img":"","footer-sml-layout":"","ast-disable-related-posts":"","theme-transparent-header-meta":"default","adv-header-id-meta":"","stick-header-meta":"default","header-above-stick-meta":"","header-main-stick-meta":"","header-below-stick-meta":"","astra-migrate-meta-layouts":"set","ast-page-background-enabled":"default","ast-page-background-meta":{"desktop":{"background-color":"var(--ast-global-color-4)","background-image":"","background-repeat":"repeat","background-position":"center center","background-size":"auto","background-attachment":"scroll","background-type":"","background-media":"","overlay-type":"","overlay-color":"","overlay-opacity":"","overlay-gradient":""},"tablet":{"background-color":"","background-image":"","background-repeat":"repeat","background-position":"center center","background-size":"auto","background-attachment":"scroll","background-type":"","background-media":"","overlay-type":"","overlay-color":"","overlay-opacity":"","overlay-gradient":""},"mobile":{"background-color":"","background-image":"","background-repeat":"repeat","background-position":"center center","background-size":"auto","background-attachment":"scroll","background-type":"","background-media":"","overlay-type":"","overlay-color":"","overlay-opacity":"","overlay-gradient":""}},"ast-content-background-meta":{"desktop":{"background-color":"var(--ast-global-color-5)","background-image":"","background-repeat":"repeat","background-position":"center center","background-size":"auto","background-attachment":"scroll","background-type":"","background-media":"","overlay-type":"","overlay-color":"","overlay-opacity":"","overlay-gradient":""},"tablet":{"background-color":"var(--ast-global-color-5)","background-image":"","background-repeat":"repeat","background-position":"center center","background-size":"auto","background-attachment":"scroll","background-type":"","background-media":"","overlay-type":"","overlay-color":"","overlay-opacity":"","overlay-gradient":""},"mobile":{"background-color":"var(--ast-global-color-5)","background-image":"","background-repeat":"repeat","background-position":"center center","background-size":"auto","background-attachment":"scroll","background-type":"","background-media":"","overlay-type":"","overlay-color":"","overlay-opacity":"","overlay-gradient":""}}},"product_brand":[],"product_cat":[125,26],"product_tag":[],"class_list":{"0":"post-2785","1":"product","2":"type-product","3":"status-publish","4":"has-post-thumbnail","6":"product_cat-pcelarski-alat","7":"product_cat-za-pcelara","8":"desktop-align-center","9":"tablet-align-left","10":"mobile-align-left","12":"first","13":"instock","14":"shipping-taxable","15":"purchasable","16":"product-type-simple","17":"add-to-wishlist-after_add_to_cart"},"_links":{"self":[{"href":"https:\/\/anelsrb.com\/prodavnica\/wp-json\/wp\/v2\/product\/2785","targetHints":{"allow":["GET"]}}],"collection":[{"href":"https:\/\/anelsrb.com\/prodavnica\/wp-json\/wp\/v2\/product"}],"about":[{"href":"https:\/\/anelsrb.com\/prodavnica\/wp-json\/wp\/v2\/types\/product"}],"replies":[{"embeddable":true,"href":"https:\/\/anelsrb.com\/prodavnica\/wp-json\/wp\/v2\/comments?post=2785"}],"wp:featuredmedia":[{"embeddable":true,"href":"https:\/\/anelsrb.com\/prodavnica\/wp-json\/wp\/v2\/media\/2787"}],"wp:attachment":[{"href":"https:\/\/anelsrb.com\/prodavnica\/wp-json\/wp\/v2\/media?parent=2785"}],"wp:term":[{"taxonomy":"product_brand","embeddable":true,"href":"https:\/\/anelsrb.com\/prodavnica\/wp-json\/wp\/v2\/product_brand?post=2785"},{"taxonomy":"product_cat","embeddable":true,"href":"https:\/\/anelsrb.com\/prodavnica\/wp-json\/wp\/v2\/product_cat?post=2785"},{"taxonomy":"product_tag","embeddable":true,"href":"https:\/\/anelsrb.com\/prodavnica\/wp-json\/wp\/v2\/product_tag?post=2785"}],"curies":[{"name":"wp","href":"https:\/\/api.w.org\/{rel}","templated":true}]}}