{"id":2809,"date":"2024-04-10T14:05:33","date_gmt":"2024-04-10T12:05:33","guid":{"rendered":"https:\/\/anelsrb.com\/prodavnica\/?post_type=product&#038;p=2809"},"modified":"2026-03-24T11:28:03","modified_gmt":"2026-03-24T10:28:03","slug":"nitne-1kg-pak","status":"publish","type":"product","link":"https:\/\/anelsrb.com\/prodavnica\/product\/nitne-1kg-pak\/","title":{"rendered":"Nitne, 1kg-pak"},"content":{"rendered":"<p>Nitne se mogu postaviti na ramove ru\u010dno, jednostavno ih ume\u0107u\u0107i u prethodno izbu\u0161ene rupe, ili pomo\u0107u bu\u0161a\u010da ramova koji istovremeno postavljaju nitne prilikom bu\u0161enja ramova, \u0161to olak\u0161ava i ubrzava proces monta\u017ee.<\/p>\n<p>Izra\u0111ene su od metala i oblo\u017eene mesingom radi dodatne za\u0161tite od korozije. Dimenzija pojedina\u010dne nitne je 6,5 x 5,5 x 2mm, \u0161to je optimalna veli\u010dina za sigurno pri\u010dvr\u0161\u0107ivanje \u017eice u ramovima.<\/p>\n<p>Pakovanje sadr\u017ei 1kg nitni, \u0161to je ekvivalentno oko 6600 komada, \u0161to je dovoljno za dugotrajan rad i odr\u017eavanje ko\u0161nica. Sa svojom visokom kvalitetom izrade i prakti\u010dno\u0161\u0107u, nitne za ramove postaju neizostavan deo opreme svakog ozbiljnog p\u010delara, omogu\u0107avaju\u0107i stabilno i dugotrajno kori\u0161\u0107enje ko\u0161nica.<\/p>\n","protected":false},"excerpt":{"rendered":"<p>Nitne za ramove su\u00a0 deo p\u010delarske opreme, namenjene postavljanju u rupe na bo\u010dnim stranama ramova kroz koje se provla\u010di \u017eica. Njihova osnovna funkcija je spre\u010davanje usecanja \u017eice u drvo prilikom zatezanja \u017eice ili tokom eksploatacije ramova, \u010dime se osigurava stabilnost i integritet konstrukcije ko\u0161nice.<\/p>\n","protected":false},"featured_media":2810,"comment_status":"open","ping_status":"closed","template":"","meta":{"site-sidebar-layout":"default","site-content-layout":"","ast-site-content-layout":"default","site-content-style":"default","site-sidebar-style":"default","ast-global-header-display":"","ast-banner-title-visibility":"","ast-main-header-display":"","ast-hfb-above-header-display":"","ast-hfb-below-header-display":"","ast-hfb-mobile-header-display":"","site-post-title":"","ast-breadcrumbs-content":"","ast-featured-img":"","footer-sml-layout":"","ast-disable-related-posts":"","theme-transparent-header-meta":"default","adv-header-id-meta":"","stick-header-meta":"default","header-above-stick-meta":"","header-main-stick-meta":"","header-below-stick-meta":"","astra-migrate-meta-layouts":"set","ast-page-background-enabled":"default","ast-page-background-meta":{"desktop":{"background-color":"var(--ast-global-color-4)","background-image":"","background-repeat":"repeat","background-position":"center center","background-size":"auto","background-attachment":"scroll","background-type":"","background-media":"","overlay-type":"","overlay-color":"","overlay-opacity":"","overlay-gradient":""},"tablet":{"background-color":"","background-image":"","background-repeat":"repeat","background-position":"center center","background-size":"auto","background-attachment":"scroll","background-type":"","background-media":"","overlay-type":"","overlay-color":"","overlay-opacity":"","overlay-gradient":""},"mobile":{"background-color":"","background-image":"","background-repeat":"repeat","background-position":"center center","background-size":"auto","background-attachment":"scroll","background-type":"","background-media":"","overlay-type":"","overlay-color":"","overlay-opacity":"","overlay-gradient":""}},"ast-content-background-meta":{"desktop":{"background-color":"var(--ast-global-color-5)","background-image":"","background-repeat":"repeat","background-position":"center center","background-size":"auto","background-attachment":"scroll","background-type":"","background-media":"","overlay-type":"","overlay-color":"","overlay-opacity":"","overlay-gradient":""},"tablet":{"background-color":"var(--ast-global-color-5)","background-image":"","background-repeat":"repeat","background-position":"center center","background-size":"auto","background-attachment":"scroll","background-type":"","background-media":"","overlay-type":"","overlay-color":"","overlay-opacity":"","overlay-gradient":""},"mobile":{"background-color":"var(--ast-global-color-5)","background-image":"","background-repeat":"repeat","background-position":"center center","background-size":"auto","background-attachment":"scroll","background-type":"","background-media":"","overlay-type":"","overlay-color":"","overlay-opacity":"","overlay-gradient":""}}},"product_brand":[],"product_cat":[139,125,26,64],"product_tag":[],"class_list":{"0":"post-2809","1":"product","2":"type-product","3":"status-publish","4":"has-post-thumbnail","6":"product_cat-alat-za-pripremu-ramova-za-kosnice","7":"product_cat-pcelarski-alat","8":"product_cat-za-pcelara","9":"product_cat-za-pcelarsku-radionicu","10":"desktop-align-center","11":"tablet-align-left","12":"mobile-align-left","14":"first","15":"instock","16":"shipping-taxable","17":"purchasable","18":"product-type-simple","19":"add-to-wishlist-after_add_to_cart"},"_links":{"self":[{"href":"https:\/\/anelsrb.com\/prodavnica\/wp-json\/wp\/v2\/product\/2809","targetHints":{"allow":["GET"]}}],"collection":[{"href":"https:\/\/anelsrb.com\/prodavnica\/wp-json\/wp\/v2\/product"}],"about":[{"href":"https:\/\/anelsrb.com\/prodavnica\/wp-json\/wp\/v2\/types\/product"}],"replies":[{"embeddable":true,"href":"https:\/\/anelsrb.com\/prodavnica\/wp-json\/wp\/v2\/comments?post=2809"}],"wp:featuredmedia":[{"embeddable":true,"href":"https:\/\/anelsrb.com\/prodavnica\/wp-json\/wp\/v2\/media\/2810"}],"wp:attachment":[{"href":"https:\/\/anelsrb.com\/prodavnica\/wp-json\/wp\/v2\/media?parent=2809"}],"wp:term":[{"taxonomy":"product_brand","embeddable":true,"href":"https:\/\/anelsrb.com\/prodavnica\/wp-json\/wp\/v2\/product_brand?post=2809"},{"taxonomy":"product_cat","embeddable":true,"href":"https:\/\/anelsrb.com\/prodavnica\/wp-json\/wp\/v2\/product_cat?post=2809"},{"taxonomy":"product_tag","embeddable":true,"href":"https:\/\/anelsrb.com\/prodavnica\/wp-json\/wp\/v2\/product_tag?post=2809"}],"curies":[{"name":"wp","href":"https:\/\/api.w.org\/{rel}","templated":true}]}}