{"id":3337,"date":"2024-12-18T11:54:19","date_gmt":"2024-12-18T10:54:19","guid":{"rendered":"https:\/\/anelsrb.com\/prodavnica\/?post_type=product&#038;p=3337"},"modified":"2025-11-10T13:46:27","modified_gmt":"2025-11-10T12:46:27","slug":"cekic-busilica-th-rh-1600","status":"publish","type":"product","link":"https:\/\/anelsrb.com\/prodavnica\/product\/cekic-busilica-th-rh-1600\/","title":{"rendered":"EINHELL \u010ceki\u0107 bu\u0161ilica TH-RH 1600"},"content":{"rendered":"<p>TH-RH 1600 \u010deki\u0107 bu\u0161ilica je pouzdan, raznovrstan i izuzetno moc\u0301an i sna\u017ean ure\u0111aj, sa svojom ogromnom snagom poma\u017ee ambicioznim entuzijastima koji se bave kuc\u0301nim radom na poslovima bu\u0161enja, klesanja i ru\u0161enja. Opremljen je sa sve \u010detiri funkcije potrebne za univerzalnu upotrebu: bu\u0161enje \u010dekic\u0301em, bu\u0161enje i klesanje sa i bez blokade. SDS-Plus stezna glava omoguc\u0301ava brzo menjanje burgija i dleta bez alata, a zajedno sa sna\u017enim motorom od 1600 W razvija silu \u010dekic\u0301a od 4 d\u017eula. Zahvaljujuc\u0301i robusnoj aluminijumskoj glavi zup\u010danika i visokokvalitetnim komponentama, TH-RH 1600 je pravi pokazatelj izdr\u017eljivosti sa silom \u010dekic\u0301a \u0161to ostavlja sna\u017ean utisak. Visoka sigurnost tokom rada osigurana je spojnicom za preopterec\u0301enje koja odmah reaguje na bilo kakvo iznenadno ometanje bita. Glavna dr\u0161ka koja apsorbuje vibracije i dodatna ru\u010dka sa blokadom protiv uvrtanja osiguravaju sigurno i neumorno rukovanje. \u010cvrst, podesiv grani\u010dnik dubine bu\u0161enja od metala omoguc\u0301ava precizne, ponovljene dubine bu\u0161enja. TH-RH 1600 se skladi\u0161ti uredno i sigurno u prakti\u010dnom transportnom i skladi\u0161nom koferu.<\/p>\n<div class=\"content-item module-headline-paragraph headline paragraph -color-headline-black\">\n<h2 class=\"heading delta\">Tehni\u010dke specifikacije<\/h2>\n<\/div>\n<div class=\"content-item module-table -styling-beta\">\n<table class=\"table__table\">\n<tbody>\n<tr class=\"-show tr-odd\">\n<td><span class=\"bold\">Napajanje<\/span><\/td>\n<td>230-240 V | 50 Hz<\/td>\n<\/tr>\n<tr class=\"-show tr-even\">\n<td><span class=\"bold\">Snaga<\/span><\/td>\n<td>1600 W<\/td>\n<\/tr>\n<tr class=\"-show tr-odd\">\n<td><span class=\"bold\">Brzina praznog hoda<\/span><\/td>\n<td>800 min^-1<\/td>\n<\/tr>\n<tr class=\"-show tr-even\">\n<td><span class=\"bold\">Brzina udara<\/span><\/td>\n<td>3900 min^-1<\/td>\n<\/tr>\n<tr class=\"-show tr-odd\">\n<td><span class=\"bold\">Snaga udara<\/span><\/td>\n<td>4 J<\/td>\n<\/tr>\n<tr class=\"-show tr-even\">\n<td><span class=\"bold\">Dr\u017ea\u010d alata<\/span><\/td>\n<td>SDS-plus<\/td>\n<\/tr>\n<tr class=\"-show tr-odd\">\n<td><span class=\"bold\">Kapacitet bu\u0161enja u betonu<\/span><\/td>\n<td>32 mm<\/td>\n<\/tr>\n<\/tbody>\n<\/table>\n<\/div>\n","protected":false},"excerpt":{"rendered":"<div class=\"information__meta\"><span class=\"meta\"><span class=\"bold\">\u0160ifra artikla:\u00a0<\/span><span class=\"data-point-itemno\">4258478<\/span><\/span><span class=\"meta\"><span class=\"bold\">\u00a0EAN:\u00a0<\/span>4006825593280<\/span><\/div>\n<div class=\"information__content -standard-list\">\n<ul>\n<li class=\" meta\">Udarna bu\u0161ilica sa mehanizmom pneumatskog \u010deki\u0107a za lak\u0161e prodiranje<\/li>\n<li class=\" meta\">Univerzalna SDS-plus glava ure\u0111aja<\/li>\n<li class=\" meta\">4 funkcije: bu\u0161enje\/ udarno bu\u0161enje\/\u0161temovanje sa i bez fiksatora<\/li>\n<li class=\" meta\">Niske vibracije zahvaljujuc\u0301i glavnoj ru\u010dici koja apsorbuje vibracije<\/li>\n<li class=\" meta\">Komponente visokog kvaliteta za dug vek trajanja<\/li>\n<li class=\"-marked meta\">Aluminijumski zup\u010danik &#8211; lagan ali robustan<\/li>\n<li class=\"-marked meta\">Sklopka za preopterec\u0301enje omogu\u0107uje sigurnost<\/li>\n<li class=\"-marked meta\">Beskona\u010dno podesiv grani\u010dnik dubine od \u010dvrstog metala<\/li>\n<li class=\"-marked meta\">Dodatni rukohvat sigurno u\u010dvr\u0161c\u0301en rebrima<\/li>\n<li class=\"-marked meta\">Isporu\u010deno u prakti\u010dnom koferu<\/li>\n<\/ul>\n<\/div>\n","protected":false},"featured_media":3338,"comment_status":"open","ping_status":"closed","template":"","meta":{"site-sidebar-layout":"default","site-content-layout":"","ast-site-content-layout":"default","site-content-style":"default","site-sidebar-style":"default","ast-global-header-display":"","ast-banner-title-visibility":"","ast-main-header-display":"","ast-hfb-above-header-display":"","ast-hfb-below-header-display":"","ast-hfb-mobile-header-display":"","site-post-title":"","ast-breadcrumbs-content":"","ast-featured-img":"","footer-sml-layout":"","ast-disable-related-posts":"","theme-transparent-header-meta":"default","adv-header-id-meta":"","stick-header-meta":"","header-above-stick-meta":"","header-main-stick-meta":"","header-below-stick-meta":"","astra-migrate-meta-layouts":"set","ast-page-background-enabled":"default","ast-page-background-meta":{"desktop":{"background-color":"var(--ast-global-color-4)","background-image":"","background-repeat":"repeat","background-position":"center center","background-size":"auto","background-attachment":"scroll","background-type":"","background-media":"","overlay-type":"","overlay-color":"","overlay-opacity":"","overlay-gradient":""},"tablet":{"background-color":"","background-image":"","background-repeat":"repeat","background-position":"center center","background-size":"auto","background-attachment":"scroll","background-type":"","background-media":"","overlay-type":"","overlay-color":"","overlay-opacity":"","overlay-gradient":""},"mobile":{"background-color":"","background-image":"","background-repeat":"repeat","background-position":"center center","background-size":"auto","background-attachment":"scroll","background-type":"","background-media":"","overlay-type":"","overlay-color":"","overlay-opacity":"","overlay-gradient":""}},"ast-content-background-meta":{"desktop":{"background-color":"var(--ast-global-color-5)","background-image":"","background-repeat":"repeat","background-position":"center center","background-size":"auto","background-attachment":"scroll","background-type":"","background-media":"","overlay-type":"","overlay-color":"","overlay-opacity":"","overlay-gradient":""},"tablet":{"background-color":"var(--ast-global-color-5)","background-image":"","background-repeat":"repeat","background-position":"center center","background-size":"auto","background-attachment":"scroll","background-type":"","background-media":"","overlay-type":"","overlay-color":"","overlay-opacity":"","overlay-gradient":""},"mobile":{"background-color":"var(--ast-global-color-5)","background-image":"","background-repeat":"repeat","background-position":"center center","background-size":"auto","background-attachment":"scroll","background-type":"","background-media":"","overlay-type":"","overlay-color":"","overlay-opacity":"","overlay-gradient":""}}},"product_brand":[],"product_cat":[129],"product_tag":[],"class_list":{"0":"post-3337","1":"product","2":"type-product","3":"status-publish","4":"has-post-thumbnail","6":"product_cat-masine-i-oprema-opste-namene","7":"desktop-align-center","8":"tablet-align-left","9":"mobile-align-left","11":"first","12":"instock","13":"shipping-taxable","14":"purchasable","15":"product-type-simple","16":"add-to-wishlist-after_add_to_cart"},"_links":{"self":[{"href":"https:\/\/anelsrb.com\/prodavnica\/wp-json\/wp\/v2\/product\/3337","targetHints":{"allow":["GET"]}}],"collection":[{"href":"https:\/\/anelsrb.com\/prodavnica\/wp-json\/wp\/v2\/product"}],"about":[{"href":"https:\/\/anelsrb.com\/prodavnica\/wp-json\/wp\/v2\/types\/product"}],"replies":[{"embeddable":true,"href":"https:\/\/anelsrb.com\/prodavnica\/wp-json\/wp\/v2\/comments?post=3337"}],"wp:featuredmedia":[{"embeddable":true,"href":"https:\/\/anelsrb.com\/prodavnica\/wp-json\/wp\/v2\/media\/3338"}],"wp:attachment":[{"href":"https:\/\/anelsrb.com\/prodavnica\/wp-json\/wp\/v2\/media?parent=3337"}],"wp:term":[{"taxonomy":"product_brand","embeddable":true,"href":"https:\/\/anelsrb.com\/prodavnica\/wp-json\/wp\/v2\/product_brand?post=3337"},{"taxonomy":"product_cat","embeddable":true,"href":"https:\/\/anelsrb.com\/prodavnica\/wp-json\/wp\/v2\/product_cat?post=3337"},{"taxonomy":"product_tag","embeddable":true,"href":"https:\/\/anelsrb.com\/prodavnica\/wp-json\/wp\/v2\/product_tag?post=3337"}],"curies":[{"name":"wp","href":"https:\/\/api.w.org\/{rel}","templated":true}]}}